{"id":12566,"date":"2021-11-15T12:52:06","date_gmt":"2021-11-15T11:52:06","guid":{"rendered":"https:\/\/festivalfilmeduc.net\/?post_type=tribe_events&#038;p=12566"},"modified":"2021-11-18T20:03:03","modified_gmt":"2021-11-18T19:03:03","slug":"competition-courts-et-moyens-metrages-2","status":"publish","type":"tribe_events","link":"https:\/\/festivalfilmeduc.net\/en\/evenement\/competition-courts-et-moyens-metrages-2\/","title":{"rendered":"Comp\u00e9tition courts et moyens m\u00e9trages : Come Il Bianco, Na\u00eetre d&#8217;une autre, Les identit\u00e9s de Mona Ozouf, Le monde en soi"},"content":{"rendered":"<p>En pr\u00e9sence de Cathie Dambel, r\u00e9alisatrice de <em><strong>Na\u00eetre d&#8217;une autre<\/strong><\/em> et <em><strong>Sandrine Sto\u00efanov<\/strong><\/em>, cor\u00e9alisatrice de Le monde en soi.<\/p>\n<p><em>Une pause de 15 minutes aura lieu apr\u00e8s la projection de Come Il Bianco et de Na\u00eetre d&#8217;une autre (suivi de l&#8217;\u00e9change avec la r\u00e9alisatrice).<\/em><\/p>\n<p>&nbsp;<\/p>\n","protected":false},"excerpt":{"rendered":"<p>En pr\u00e9sence de Cathie Dambel, r\u00e9alisatrice de Na\u00eetre d&#8217;une autre et Sandrine Sto\u00efanov, cor\u00e9alisatrice de Le monde en soi. Une pause de 15 minutes aura lieu apr\u00e8s la projection de [&hellip;]<\/p>\n","protected":false},"author":12,"featured_media":11914,"template":"","meta":{"_acf_changed":false,"_tribe_events_status":"","_tribe_events_status_reason":"","footnotes":""},"tags":[],"edition_festival":[2328],"tribe_events_cat":[385],"class_list":["post-12566","tribe_events","type-tribe_events","status-publish","has-post-thumbnail","hentry","edition_festival-edition-2021","tribe_events_cat-projection","cat_projection"],"acf":[],"_links":{"self":[{"href":"https:\/\/festivalfilmeduc.net\/en\/wp-json\/wp\/v2\/tribe_events\/12566","targetHints":{"allow":["GET"]}}],"collection":[{"href":"https:\/\/festivalfilmeduc.net\/en\/wp-json\/wp\/v2\/tribe_events"}],"about":[{"href":"https:\/\/festivalfilmeduc.net\/en\/wp-json\/wp\/v2\/types\/tribe_events"}],"author":[{"embeddable":true,"href":"https:\/\/festivalfilmeduc.net\/en\/wp-json\/wp\/v2\/users\/12"}],"version-history":[{"count":6,"href":"https:\/\/festivalfilmeduc.net\/en\/wp-json\/wp\/v2\/tribe_events\/12566\/revisions"}],"predecessor-version":[{"id":13235,"href":"https:\/\/festivalfilmeduc.net\/en\/wp-json\/wp\/v2\/tribe_events\/12566\/revisions\/13235"}],"wp:featuredmedia":[{"embeddable":true,"href":"https:\/\/festivalfilmeduc.net\/en\/wp-json\/wp\/v2\/media\/11914"}],"wp:attachment":[{"href":"https:\/\/festivalfilmeduc.net\/en\/wp-json\/wp\/v2\/media?parent=12566"}],"wp:term":[{"taxonomy":"post_tag","embeddable":true,"href":"https:\/\/festivalfilmeduc.net\/en\/wp-json\/wp\/v2\/tags?post=12566"},{"taxonomy":"edition_festival","embeddable":true,"href":"https:\/\/festivalfilmeduc.net\/en\/wp-json\/wp\/v2\/edition_festival?post=12566"},{"taxonomy":"tribe_events_cat","embeddable":true,"href":"https:\/\/festivalfilmeduc.net\/en\/wp-json\/wp\/v2\/tribe_events_cat?post=12566"}],"curies":[{"name":"wp","href":"https:\/\/api.w.org\/{rel}","templated":true}]}}

Compétition courts et moyens métrages : Come Il Bianco, Naître d&#8217;une autre, Les identités de Mona Ozouf, Le monde en soi

<p>En présence de Cathie Dambel, réalisatrice de <em><strong>Naître d&#8217;une autre</strong></em> et <em><strong>Sandrine Stoïanov</strong></em>, coréalisatrice de Le monde en soi.</p>
<p><em>Une pause de 15 minutes aura lieu après la projection de Come Il Bianco et de Naître d&#8217;une autre (suivi de l&#8217;échange avec la réalisatrice).</em></p>
<p>&nbsp;</p>

<p>En présence de Cathie Dambel, réalisatrice de Naître d&#8217;une autre et Sandrine Stoïanov, coréalisatrice de Le monde en soi. Une pause de 15 minutes aura lieu après la projection de [&hellip;]</p>
