{"id":12572,"date":"2021-11-15T14:55:58","date_gmt":"2021-11-15T13:55:58","guid":{"rendered":"https:\/\/festivalfilmeduc.net\/?post_type=tribe_events&#038;p=12572"},"modified":"2021-12-02T23:17:34","modified_gmt":"2021-12-02T22:17:34","slug":"competition-courts-et-moyens-metrages-5","status":"publish","type":"tribe_events","link":"https:\/\/festivalfilmeduc.net\/en\/evenement\/competition-courts-et-moyens-metrages-5\/","title":{"rendered":"Comp\u00e9tition courts et moyens m\u00e9trages : Quand on n&#8217;a que l&#8217;enfance, Vilain gar\u00e7on"},"content":{"rendered":"<p>En pr\u00e9sence des r\u00e9alisateurs Alain Bertrand et Fran\u00e7ois Zabaleta.<\/p>\n","protected":false},"excerpt":{"rendered":"<p>En pr\u00e9sence des r\u00e9alisateurs Alain Bertrand et Fran\u00e7ois Zabaleta.<\/p>\n","protected":false},"author":12,"featured_media":11974,"template":"","meta":{"_acf_changed":false,"_tribe_events_status":"","_tribe_events_status_reason":"","footnotes":""},"tags":[],"edition_festival":[2328],"tribe_events_cat":[385],"class_list":["post-12572","tribe_events","type-tribe_events","status-publish","has-post-thumbnail","hentry","edition_festival-edition-2021","tribe_events_cat-projection","cat_projection"],"acf":[],"_links":{"self":[{"href":"https:\/\/festivalfilmeduc.net\/en\/wp-json\/wp\/v2\/tribe_events\/12572","targetHints":{"allow":["GET"]}}],"collection":[{"href":"https:\/\/festivalfilmeduc.net\/en\/wp-json\/wp\/v2\/tribe_events"}],"about":[{"href":"https:\/\/festivalfilmeduc.net\/en\/wp-json\/wp\/v2\/types\/tribe_events"}],"author":[{"embeddable":true,"href":"https:\/\/festivalfilmeduc.net\/en\/wp-json\/wp\/v2\/users\/12"}],"version-history":[{"count":2,"href":"https:\/\/festivalfilmeduc.net\/en\/wp-json\/wp\/v2\/tribe_events\/12572\/revisions"}],"predecessor-version":[{"id":13227,"href":"https:\/\/festivalfilmeduc.net\/en\/wp-json\/wp\/v2\/tribe_events\/12572\/revisions\/13227"}],"wp:featuredmedia":[{"embeddable":true,"href":"https:\/\/festivalfilmeduc.net\/en\/wp-json\/wp\/v2\/media\/11974"}],"wp:attachment":[{"href":"https:\/\/festivalfilmeduc.net\/en\/wp-json\/wp\/v2\/media?parent=12572"}],"wp:term":[{"taxonomy":"post_tag","embeddable":true,"href":"https:\/\/festivalfilmeduc.net\/en\/wp-json\/wp\/v2\/tags?post=12572"},{"taxonomy":"edition_festival","embeddable":true,"href":"https:\/\/festivalfilmeduc.net\/en\/wp-json\/wp\/v2\/edition_festival?post=12572"},{"taxonomy":"tribe_events_cat","embeddable":true,"href":"https:\/\/festivalfilmeduc.net\/en\/wp-json\/wp\/v2\/tribe_events_cat?post=12572"}],"curies":[{"name":"wp","href":"https:\/\/api.w.org\/{rel}","templated":true}]}}

Compétition courts et moyens métrages : Quand on n&#8217;a que l&#8217;enfance, Vilain garçon

<p>En présence des réalisateurs Alain Bertrand et François Zabaleta.</p>
