{"id":3737,"date":"2019-01-10T15:51:14","date_gmt":"2019-01-10T14:51:14","guid":{"rendered":"https:\/\/festivalfilmeduc.net\/?post_type=tribe_events&#038;p=3737"},"modified":"2019-06-22T13:39:45","modified_gmt":"2019-06-22T11:39:45","slug":"8e-rencontres-autour-du-festival-du-film-deducation-rffe-en-guadeloupe-2019","status":"publish","type":"tribe_events","link":"https:\/\/festivalfilmeduc.net\/en\/evenement\/8e-rencontres-autour-du-festival-du-film-deducation-rffe-en-guadeloupe-2019\/","title":{"rendered":"8e Rencontres autour du Festival du Film d\u2019\u00e9ducation (RFFE) en Guadeloupe 2019"},"content":{"rendered":"<p><a href=\"https:\/\/festivalfilmeduc.net\/wp-content\/uploads\/2019\/04\/2019_flyer_derniere_version_guadeloupe.pdf\"> Programme d\u00e9finitif des 8e rencontres des \u00c9chos du festival du film d&#8217;\u00e9ducation en Guadeloupe<\/a><a href=\"https:\/\/festivalfilmeduc.net\/wp-content\/uploads\/2019\/01\/2019_Guadeloupe_affiche_definitive.jpg\" data-lbwps-width=\"700\" data-lbwps-height=\"990\" data-lbwps-srcsmall=\"https:\/\/festivalfilmeduc.net\/wp-content\/uploads\/2019\/01\/2019_Guadeloupe_affiche_definitive-212x300.jpg\"><img loading=\"lazy\" decoding=\"async\" class=\"alignnone size-medium wp-image-4263\" src=\"https:\/\/festivalfilmeduc.net\/wp-content\/uploads\/2019\/01\/2019_Guadeloupe_affiche_definitive-212x300.jpg\" alt=\"\" width=\"212\" height=\"300\" srcset=\"https:\/\/festivalfilmeduc.net\/wp-content\/uploads\/2019\/01\/2019_Guadeloupe_affiche_definitive-212x300.jpg 212w, https:\/\/festivalfilmeduc.net\/wp-content\/uploads\/2019\/01\/2019_Guadeloupe_affiche_definitive.jpg 700w\" sizes=\"auto, (max-width: 212px) 100vw, 212px\" \/><\/a><\/p>\n<p>&nbsp;<\/p>\n<blockquote><p><strong>Programmation du 09 avril 2019<\/strong><\/p>\n<p><strong>9h00 : Marie Galante<\/strong><\/p>\n<p><strong>Public : CP\/CE1<\/strong><br \/>\nLa taupe et le ver de terre<br \/>\nToile d&#8217;araign\u00e9e<br \/>\nLa fruit des nuages<br \/>\nCourage<br \/>\nChemin d&#8217;eau pour un poisson<\/p>\n<p><strong>9h00 : Auditorium de Basse Terre<\/strong><\/p>\n<p><strong>Public : CE2\/CM2<\/strong><br \/>\nBestioles et Bricoles<br \/>\nL&#8217;orchestre<br \/>\nLe vent dans les roseaux<\/p>\n<p><strong>19h30 : A d\u00e9terminer<\/strong><\/p>\n<p><strong>Soir\u00e9e d&#8217;ouverture avec le film Heartstone<\/strong><\/p>\n<p>&nbsp;<\/p>\n<h4><strong>Programmation du 10 avril 2019<\/strong><\/h4>\n<p>&nbsp;<\/p>\n<ul>\n<li><strong>&#8211; 09h00-10h30 &amp; 10h30-12h00 : Salle Robert Loyson<\/strong><\/li>\n<\/ul>\n<p><strong>Public : 5\/7 ans<\/strong><br \/>\nLe corbeau blanc<br \/>\nDr\u00f4le de poisson<br \/>\nFourmis<br \/>\nLes monstres n&#8217;existent pas<br \/>\nLa belette<\/p>\n<ul>\n<li><strong>&#8211; 10h30-12h00 : Sainte Anne, Auditorium de Douville<\/strong><\/li>\n<\/ul>\n<p><strong>Public : 8\/11 ans<\/strong><br \/>\nLe vent dans les roseaux<br \/>\nTh\u00e9odore s&#8217;attire des ennuis<br \/>\nOdd est un \u0153uf<\/p>\n<p><strong>&#8211; 14h00-17h00 : ESPE Guadeloupe<\/strong><\/p>\n<p><strong>Public : professionnel de l&#8217;\u00e9ducation<\/strong><br \/>\nLa place de l&#8217;homme<br \/>\nJ&#8217;ai dit oui aux monologues du vagin<\/p>\n<p><strong>&#8211; 19h30 : M\u00e9diath\u00e8que du Lamentin<\/strong><\/p>\n<p>Champ de batailles (1h38)<\/p>\n<p>&nbsp;<\/p>\n<h4>Programmation du 11 avril 2019<\/h4>\n<p><strong>&#8211; 8h00 &#8211; 16h00 : M\u00e9diath\u00e8que du Lamentin<\/strong><\/p>\n<p>Journ\u00e9e d&#8217;\u00e9ducation aux m\u00e9dias et \u00e0 l&#8217;image pour coll\u00e9giens<\/p>\n<p><strong>&#8211; 19h30 : M\u00e9diath\u00e8que du Lamentin<\/strong><\/p>\n<p>Fort fleur d&#8217;Ep\u00e9e au Gosier<br \/>\nFior\u00e9<\/p>\n<p>&nbsp;<\/p>\n<h4>Programmation du 12 avril 2019<\/h4>\n<p><strong>09h00 : Centre culturel de Gourbeyre<\/strong><\/p>\n<p><strong>Projection coll\u00e8ge<\/strong><br \/>\nBestioles et Bricoles<br \/>\nTh\u00e9odore s&#8217;attire des ennuis<br \/>\nBoniek et Platini<\/p>\n<p><strong>09h00 : A d\u00e9terminer<\/strong><\/p>\n<p><strong>Projection lyc\u00e9e<\/strong><\/p>\n<p>Le monde entier<br \/>\nGrain de poussi\u00e8re<\/p>\n<p>Suivie d&#8217;une Table ronde jeunesse.<\/p>\n<p><strong>CP\/CE1<\/strong><br \/>\nLa taupe et le ver de terre<br \/>\nToile d&#8217;araign\u00e9e<br \/>\nLe fruit des nuages<br \/>\nCourage<br \/>\nChemin d&#8217;eau pour un poisson<\/p>\n<p><strong>S\u00e9ance en milieu carc\u00e9rale<\/strong><\/p>\n<ul>\n<li><strong>19h30 : Centre culturel<\/strong><\/li>\n<\/ul>\n<p>Pilule, quand les hommes faisaient la loi (53&#8242;)<\/p>\n<p>&nbsp;<\/p>\n<p><strong>Programmation du 13 avril 2019<\/strong><\/p>\n<p><strong>19h30 : parking des Cem\u00e9a<\/strong><\/p>\n<p>Rock&#8217;n rollers (24&#8242;)<br \/>\nLe monde entier (30&#8242;)<\/p><\/blockquote>\n","protected":false},"excerpt":{"rendered":"<p>Programme d\u00e9finitif des 8e rencontres des \u00c9chos du festival du film d&#8217;\u00e9ducation en Guadeloupe &nbsp; Programmation du 09 avril 2019 9h00 : Marie Galante Public : CP\/CE1 La taupe et [&hellip;]<\/p>\n","protected":false},"author":6,"featured_media":4289,"template":"","meta":{"_acf_changed":false,"_tribe_events_status":"","_tribe_events_status_reason":"","footnotes":""},"tags":[],"edition_festival":[39],"tribe_events_cat":[907,1100],"class_list":["post-3737","tribe_events","type-tribe_events","status-publish","has-post-thumbnail","hentry","edition_festival-edition-2017","tribe_events_cat-echos-du-festival","tribe_events_cat-guadeloupe","cat_echos-du-festival","cat_guadeloupe"],"acf":[],"_links":{"self":[{"href":"https:\/\/festivalfilmeduc.net\/en\/wp-json\/wp\/v2\/tribe_events\/3737","targetHints":{"allow":["GET"]}}],"collection":[{"href":"https:\/\/festivalfilmeduc.net\/en\/wp-json\/wp\/v2\/tribe_events"}],"about":[{"href":"https:\/\/festivalfilmeduc.net\/en\/wp-json\/wp\/v2\/types\/tribe_events"}],"author":[{"embeddable":true,"href":"https:\/\/festivalfilmeduc.net\/en\/wp-json\/wp\/v2\/users\/6"}],"version-history":[{"count":7,"href":"https:\/\/festivalfilmeduc.net\/en\/wp-json\/wp\/v2\/tribe_events\/3737\/revisions"}],"predecessor-version":[{"id":4313,"href":"https:\/\/festivalfilmeduc.net\/en\/wp-json\/wp\/v2\/tribe_events\/3737\/revisions\/4313"}],"wp:featuredmedia":[{"embeddable":true,"href":"https:\/\/festivalfilmeduc.net\/en\/wp-json\/wp\/v2\/media\/4289"}],"wp:attachment":[{"href":"https:\/\/festivalfilmeduc.net\/en\/wp-json\/wp\/v2\/media?parent=3737"}],"wp:term":[{"taxonomy":"post_tag","embeddable":true,"href":"https:\/\/festivalfilmeduc.net\/en\/wp-json\/wp\/v2\/tags?post=3737"},{"taxonomy":"edition_festival","embeddable":true,"href":"https:\/\/festivalfilmeduc.net\/en\/wp-json\/wp\/v2\/edition_festival?post=3737"},{"taxonomy":"tribe_events_cat","embeddable":true,"href":"https:\/\/festivalfilmeduc.net\/en\/wp-json\/wp\/v2\/tribe_events_cat?post=3737"}],"curies":[{"name":"wp","href":"https:\/\/api.w.org\/{rel}","templated":true}]}}

8e Rencontres autour du Festival du Film d’éducation (RFFE) en Guadeloupe 2019

<p><a href="https://festivalfilmeduc.net/wp-content/uploads/2019/04/2019_flyer_derniere_version_guadeloupe.pdf"> Programme définitif des 8e rencontres des Échos du festival du film d&#8217;éducation en Guadeloupe</a><a href="https://festivalfilmeduc.net/wp-content/uploads/2019/01/2019_Guadeloupe_affiche_definitive.jpg" data-lbwps-width="700" data-lbwps-height="990" data-lbwps-srcsmall="https://festivalfilmeduc.net/wp-content/uploads/2019/01/2019_Guadeloupe_affiche_definitive-212x300.jpg"><img loading="lazy" decoding="async" class="alignnone size-medium wp-image-4263" src="https://festivalfilmeduc.net/wp-content/uploads/2019/01/2019_Guadeloupe_affiche_definitive-212x300.jpg" alt="" width="212" height="300" srcset="https://festivalfilmeduc.net/wp-content/uploads/2019/01/2019_Guadeloupe_affiche_definitive-212x300.jpg 212w, https://festivalfilmeduc.net/wp-content/uploads/2019/01/2019_Guadeloupe_affiche_definitive.jpg 700w" sizes="auto, (max-width: 212px) 100vw, 212px" /></a></p>
<p>&nbsp;</p>
<blockquote><p><strong>Programmation du 09 avril 2019</strong></p>
<p><strong>9h00 : Marie Galante</strong></p>
<p><strong>Public : CP/CE1</strong><br />
La taupe et le ver de terre<br />
Toile d&#8217;araignée<br />
La fruit des nuages<br />
Courage<br />
Chemin d&#8217;eau pour un poisson</p>
<p><strong>9h00 : Auditorium de Basse Terre</strong></p>
<p><strong>Public : CE2/CM2</strong><br />
Bestioles et Bricoles<br />
L&#8217;orchestre<br />
Le vent dans les roseaux</p>
<p><strong>19h30 : A déterminer</strong></p>
<p><strong>Soirée d&#8217;ouverture avec le film Heartstone</strong></p>
<p>&nbsp;</p>
<h4><strong>Programmation du 10 avril 2019</strong></h4>
<p>&nbsp;</p>
<ul>
<li><strong>&#8211; 09h00-10h30 &amp; 10h30-12h00 : Salle Robert Loyson</strong></li>
</ul>
<p><strong>Public : 5/7 ans</strong><br />
Le corbeau blanc<br />
Drôle de poisson<br />
Fourmis<br />
Les monstres n&#8217;existent pas<br />
La belette</p>
<ul>
<li><strong>&#8211; 10h30-12h00 : Sainte Anne, Auditorium de Douville</strong></li>
</ul>
<p><strong>Public : 8/11 ans</strong><br />
Le vent dans les roseaux<br />
Théodore s&#8217;attire des ennuis<br />
Odd est un œuf</p>
<p><strong>&#8211; 14h00-17h00 : ESPE Guadeloupe</strong></p>
<p><strong>Public : professionnel de l&#8217;éducation</strong><br />
La place de l&#8217;homme<br />
J&#8217;ai dit oui aux monologues du vagin</p>
<p><strong>&#8211; 19h30 : Médiathèque du Lamentin</strong></p>
<p>Champ de batailles (1h38)</p>
<p>&nbsp;</p>
<h4>Programmation du 11 avril 2019</h4>
<p><strong>&#8211; 8h00 &#8211; 16h00 : Médiathèque du Lamentin</strong></p>
<p>Journée d&#8217;éducation aux médias et à l&#8217;image pour collégiens</p>
<p><strong>&#8211; 19h30 : Médiathèque du Lamentin</strong></p>
<p>Fort fleur d&#8217;Epée au Gosier<br />
Fioré</p>
<p>&nbsp;</p>
<h4>Programmation du 12 avril 2019</h4>
<p><strong>09h00 : Centre culturel de Gourbeyre</strong></p>
<p><strong>Projection collège</strong><br />
Bestioles et Bricoles<br />
Théodore s&#8217;attire des ennuis<br />
Boniek et Platini</p>
<p><strong>09h00 : A déterminer</strong></p>
<p><strong>Projection lycée</strong></p>
<p>Le monde entier<br />
Grain de poussière</p>
<p>Suivie d&#8217;une Table ronde jeunesse.</p>
<p><strong>CP/CE1</strong><br />
La taupe et le ver de terre<br />
Toile d&#8217;araignée<br />
Le fruit des nuages<br />
Courage<br />
Chemin d&#8217;eau pour un poisson</p>
<p><strong>Séance en milieu carcérale</strong></p>
<ul>
<li><strong>19h30 : Centre culturel</strong></li>
</ul>
<p>Pilule, quand les hommes faisaient la loi (53&#8242;)</p>
<p>&nbsp;</p>
<p><strong>Programmation du 13 avril 2019</strong></p>
<p><strong>19h30 : parking des Ceméa</strong></p>
<p>Rock&#8217;n rollers (24&#8242;)<br />
Le monde entier (30&#8242;)</p></blockquote>

<p>Programme définitif des 8e rencontres des Échos du festival du film d&#8217;éducation en Guadeloupe &nbsp; Programmation du 09 avril 2019 9h00 : Marie Galante Public : CP/CE1 La taupe et [&hellip;]</p>
