{"id":4192,"date":"2019-03-12T14:46:28","date_gmt":"2019-03-12T13:46:28","guid":{"rendered":"https:\/\/festivalfilmeduc.net\/?post_type=tribe_events&#038;p=4192"},"modified":"2019-06-22T13:39:46","modified_gmt":"2019-06-22T11:39:46","slug":"12eme-echos-du-festival-international-du-film-deducation-en-occitanie-4-au-12-avril-2019","status":"publish","type":"tribe_events","link":"https:\/\/festivalfilmeduc.net\/en\/evenement\/12eme-echos-du-festival-international-du-film-deducation-en-occitanie-4-au-12-avril-2019\/","title":{"rendered":"12\u00e8me \u00e9dition des \u00e9chos du Festival International du Film d\u2019\u00e9ducation en Occitanie &#8211; 4 au 15 Avril, 6 et 11 juin 2019"},"content":{"rendered":"<p>En 2018, le festival a rassembl\u00e9 plus de 4000 spectateurs sur 17 lieux, avec 128 projections.<\/p>\n<p>Cette 12\u00e9me \u00e9dition se d\u00e9roulera du Jeudi 4 au 15 Avril 2019, Avec le mercredi 13 mars, une s\u00e9ance avant- premi\u00e8re avec une\u00a0 projection d\u00e9bats autour du film King of magic, en comp\u00e9tition en 2018, au festival d\u2019Evreux.<\/p>\n<p>D&#8217;autres projection suivront\u00a0 les 6 , 11 juin<\/p>\n<p><a href=\"https:\/\/festivalfilmeduc.net\/2019\/03\/12\/12eme-echos-du-festival-international-du-film-deducation-en-occitanie\/\">RFFE en Occitanie<\/a><\/p>\n<p>&nbsp;<\/p>\n","protected":false},"excerpt":{"rendered":"<p>En 2018, le festival a rassembl\u00e9 plus de 4000 spectateurs sur 17 lieux, avec 128 projections. Cette 12\u00e9me \u00e9dition se d\u00e9roulera du Jeudi 4 au 15 Avril 2019, Avec le [&hellip;]<\/p>\n","protected":false},"author":6,"featured_media":4189,"template":"","meta":{"_acf_changed":false,"_tribe_events_status":"","_tribe_events_status_reason":"","footnotes":""},"tags":[],"edition_festival":[141],"tribe_events_cat":[907,1154],"class_list":["post-4192","tribe_events","type-tribe_events","status-publish","has-post-thumbnail","hentry","edition_festival-edition-2018","tribe_events_cat-echos-du-festival","tribe_events_cat-nouvelle-aquitaine","cat_echos-du-festival","cat_nouvelle-aquitaine"],"acf":[],"_links":{"self":[{"href":"https:\/\/festivalfilmeduc.net\/en\/wp-json\/wp\/v2\/tribe_events\/4192","targetHints":{"allow":["GET"]}}],"collection":[{"href":"https:\/\/festivalfilmeduc.net\/en\/wp-json\/wp\/v2\/tribe_events"}],"about":[{"href":"https:\/\/festivalfilmeduc.net\/en\/wp-json\/wp\/v2\/types\/tribe_events"}],"author":[{"embeddable":true,"href":"https:\/\/festivalfilmeduc.net\/en\/wp-json\/wp\/v2\/users\/6"}],"version-history":[{"count":4,"href":"https:\/\/festivalfilmeduc.net\/en\/wp-json\/wp\/v2\/tribe_events\/4192\/revisions"}],"predecessor-version":[{"id":4848,"href":"https:\/\/festivalfilmeduc.net\/en\/wp-json\/wp\/v2\/tribe_events\/4192\/revisions\/4848"}],"wp:featuredmedia":[{"embeddable":true,"href":"https:\/\/festivalfilmeduc.net\/en\/wp-json\/wp\/v2\/media\/4189"}],"wp:attachment":[{"href":"https:\/\/festivalfilmeduc.net\/en\/wp-json\/wp\/v2\/media?parent=4192"}],"wp:term":[{"taxonomy":"post_tag","embeddable":true,"href":"https:\/\/festivalfilmeduc.net\/en\/wp-json\/wp\/v2\/tags?post=4192"},{"taxonomy":"edition_festival","embeddable":true,"href":"https:\/\/festivalfilmeduc.net\/en\/wp-json\/wp\/v2\/edition_festival?post=4192"},{"taxonomy":"tribe_events_cat","embeddable":true,"href":"https:\/\/festivalfilmeduc.net\/en\/wp-json\/wp\/v2\/tribe_events_cat?post=4192"}],"curies":[{"name":"wp","href":"https:\/\/api.w.org\/{rel}","templated":true}]}}

12ème édition des échos du Festival International du Film d’éducation en Occitanie &#8211; 4 au 15 Avril, 6 et 11 juin 2019

<p>En 2018, le festival a rassemblé plus de 4000 spectateurs sur 17 lieux, avec 128 projections.</p>
<p>Cette 12éme édition se déroulera du Jeudi 4 au 15 Avril 2019, Avec le mercredi 13 mars, une séance avant- première avec une  projection débats autour du film King of magic, en compétition en 2018, au festival d’Evreux.</p>
<p>D&#8217;autres projection suivront  les 6 , 11 juin</p>
<p><a href="https://festivalfilmeduc.net/2019/03/12/12eme-echos-du-festival-international-du-film-deducation-en-occitanie/">RFFE en Occitanie</a></p>
<p>&nbsp;</p>

<p>En 2018, le festival a rassemblé plus de 4000 spectateurs sur 17 lieux, avec 128 projections. Cette 12éme édition se déroulera du Jeudi 4 au 15 Avril 2019, Avec le [&hellip;]</p>
