{"id":4199,"date":"2019-03-12T16:44:54","date_gmt":"2019-03-12T15:44:54","guid":{"rendered":"https:\/\/festivalfilmeduc.net\/?post_type=tribe_events&#038;p=4199"},"modified":"2019-06-22T13:39:46","modified_gmt":"2019-06-22T11:39:46","slug":"1er-au-avril-2019-3e-echos-du-festival-du-film-deducation-a-yvetot-normandie","status":"publish","type":"tribe_events","link":"https:\/\/festivalfilmeduc.net\/en\/evenement\/1er-au-avril-2019-3e-echos-du-festival-du-film-deducation-a-yvetot-normandie\/","title":{"rendered":"1er au  Avril 2019 \u2013 3e \u00e9chos du festival du film d\u2019\u00e9ducation \u00e0 Yvetot (Normandie)"},"content":{"rendered":"<p>La 3e \u00e9dition des \u00e9chos du festival international du film d\u2019\u00e9ducation, commence \u00e0 H\u00e9rouville, du 26 au 28 mars 2019. Cette \u00e9dition se poursuivra \u00e0 Yvetot , les 1er, 2, 3 avril 2019.<\/p>\n<p>Elle se d\u00e9roulera au cin\u00e9ma les \u00bb Arches Lumi\u00e8res \u00bb, 23 Avenue Micheline Ostermeyer, Yvetot<\/p>\n<p><a href=\"https:\/\/festivalfilmeduc.net\/2019\/03\/12\/1er-au-avril-2019-3e-echos-du-festival-du-film-deducation-a-yvetot-normandie\/\">Programmation<\/a><\/p>\n<p>Normandie<\/p>\n","protected":false},"excerpt":{"rendered":"<p>La 3e \u00e9dition des \u00e9chos du festival international du film d\u2019\u00e9ducation, commence \u00e0 H\u00e9rouville, du 26 au 28 mars 2019. Cette \u00e9dition se poursuivra \u00e0 Yvetot , les 1er, 2, [&hellip;]<\/p>\n","protected":false},"author":6,"featured_media":0,"template":"","meta":{"_acf_changed":false,"_tribe_events_status":"","_tribe_events_status_reason":"","footnotes":""},"tags":[],"edition_festival":[141],"tribe_events_cat":[907,1155],"class_list":["post-4199","tribe_events","type-tribe_events","status-publish","hentry","edition_festival-edition-2018","tribe_events_cat-echos-du-festival","tribe_events_cat-normandie","cat_echos-du-festival","cat_normandie"],"acf":[],"_links":{"self":[{"href":"https:\/\/festivalfilmeduc.net\/en\/wp-json\/wp\/v2\/tribe_events\/4199","targetHints":{"allow":["GET"]}}],"collection":[{"href":"https:\/\/festivalfilmeduc.net\/en\/wp-json\/wp\/v2\/tribe_events"}],"about":[{"href":"https:\/\/festivalfilmeduc.net\/en\/wp-json\/wp\/v2\/types\/tribe_events"}],"author":[{"embeddable":true,"href":"https:\/\/festivalfilmeduc.net\/en\/wp-json\/wp\/v2\/users\/6"}],"version-history":[{"count":2,"href":"https:\/\/festivalfilmeduc.net\/en\/wp-json\/wp\/v2\/tribe_events\/4199\/revisions"}],"predecessor-version":[{"id":4203,"href":"https:\/\/festivalfilmeduc.net\/en\/wp-json\/wp\/v2\/tribe_events\/4199\/revisions\/4203"}],"wp:attachment":[{"href":"https:\/\/festivalfilmeduc.net\/en\/wp-json\/wp\/v2\/media?parent=4199"}],"wp:term":[{"taxonomy":"post_tag","embeddable":true,"href":"https:\/\/festivalfilmeduc.net\/en\/wp-json\/wp\/v2\/tags?post=4199"},{"taxonomy":"edition_festival","embeddable":true,"href":"https:\/\/festivalfilmeduc.net\/en\/wp-json\/wp\/v2\/edition_festival?post=4199"},{"taxonomy":"tribe_events_cat","embeddable":true,"href":"https:\/\/festivalfilmeduc.net\/en\/wp-json\/wp\/v2\/tribe_events_cat?post=4199"}],"curies":[{"name":"wp","href":"https:\/\/api.w.org\/{rel}","templated":true}]}}

1er au  Avril 2019 – 3e échos du festival du film d’éducation à Yvetot (Normandie)

<p>La 3e édition des échos du festival international du film d’éducation, commence à Hérouville, du 26 au 28 mars 2019. Cette édition se poursuivra à Yvetot , les 1er, 2, 3 avril 2019.</p>
<p>Elle se déroulera au cinéma les » Arches Lumières », 23 Avenue Micheline Ostermeyer, Yvetot</p>
<p><a href="https://festivalfilmeduc.net/2019/03/12/1er-au-avril-2019-3e-echos-du-festival-du-film-deducation-a-yvetot-normandie/">Programmation</a></p>
<p>Normandie</p>

<p>La 3e édition des échos du festival international du film d’éducation, commence à Hérouville, du 26 au 28 mars 2019. Cette édition se poursuivra à Yvetot , les 1er, 2, [&hellip;]</p>
