{"id":4219,"date":"2019-03-13T12:32:43","date_gmt":"2019-03-13T11:32:43","guid":{"rendered":"https:\/\/festivalfilmeduc.net\/?post_type=tribe_events&#038;p=4219"},"modified":"2019-06-22T13:39:47","modified_gmt":"2019-06-22T11:39:47","slug":"2-mars-au-19-juin-echos-du-festival-international-du-film-deducation-et-les-semaines-deducation-contre-les-discriminations","status":"publish","type":"tribe_events","link":"https:\/\/festivalfilmeduc.net\/en\/evenement\/2-mars-au-19-juin-echos-du-festival-international-du-film-deducation-et-les-semaines-deducation-contre-les-discriminations\/","title":{"rendered":"2 mars au 19 Juin \u00e0 Nantes : \u00c9chos du festival international du film d\u2019\u00e9ducation et les semaines d\u2019\u00e9ducation contre les discriminations au printemps du 102"},"content":{"rendered":"<p>A Nantes, les \u00e9chos du festival international du film d\u2019\u00e9ducation, s&#8217;int\u00e8gre au printemps du 102 o\u00f9 une programmation scolaire\u00a0 ( Primaire, coll\u00e8ge et lyc\u00e9e) et la projection de films seront programm\u00e9s.<\/p>\n<p>&nbsp;<\/p>\n<p>Voici les temps forts des \u00e9chos :<\/p>\n<blockquote><p>&#8211; MERCREDI 6 MARS 19H-22H<br \/>\nCIN\u00c9-D\u00c9BAT<br \/>\n\u00ab LIKE DOLL l&#8217;LL RISE \u00bb<br \/>\n(FEMMES. ESCLAVAGE. RACISME)<\/p><\/blockquote>\n<p>&nbsp;<\/p>\n<blockquote><p>&#8211; JEUDI 7 MARS<br \/>\n19H-22H CIN\u00c9-D\u00c9BAT<br \/>\n\u00ab HUMEUR LIQUIDE \u00bb<br \/>\n(BIPOLARIT\u00c9, PARENTALIT\u00c9) EN PR\u00c9SENCE DU R\u00c9ALISATEUR<\/p><\/blockquote>\n<p>&nbsp;<\/p>\n<blockquote><p>&#8211; MERCREDI 13 MARS &#8211; 19H -22H<br \/>\nCIN\u00c9-D\u00c9BAT &lt;<\/p><\/blockquote>\n<p>&nbsp;<\/p>\n<blockquote><p>&#8211; MERCREDI 10 AVRIL 19H30-22H<br \/>\nCIN\u00c9-D\u00c9BAT<br \/>\n\u00ab LA V\u00c9RIT\u00c9 \u00bb<br \/>\n(SURDIT\u00c9, SUICIDE)<\/p><\/blockquote>\n<p>&nbsp;<\/p>\n<blockquote><p>&#8211; JEUDI 25 AVRIL &#8211; 19H00 &#8211; 22H00<br \/>\nFILM- DEBAT &#8220;B COMME BAGOU&#8221;<br \/>\nABECEDAIRE R\u00c9ALIS\u00c9 PAR DES JEUNES ROMS<\/p><\/blockquote>\n<p>&nbsp;<\/p>\n<blockquote><p>&#8211; MARDI 30 AVRIL &#8211; 19H- 22H<br \/>\n\u00ab OUVRIER, OUVRE LA ! \u00bb DOCU FICTION SONORE SUR L&#8217;HISTOIRE OUVRI\u00c8RE DE PAIMBOEUF<\/p><\/blockquote>\n<p>&nbsp;<\/p>\n<blockquote><p>&#8211; SAMEDI 18 &#8211; 20H &#8211; 23H<br \/>\nCINE-D\u00c9BAT<br \/>\n\u00ab NOTHING TO HIDE \u00bb<\/p><\/blockquote>\n<p>&nbsp;<\/p>\n<blockquote><p>&#8211; JEUDI 13 JUIN &#8211; 19H-22H<br \/>\nCIN\u00c9-D\u00c9BAT<br \/>\n\u00ab Y.O.L.O \u00bb (PASSAGE \u00c0 L&#8217;ADOLESCENCE)<br \/>\nEN PR\u00c9SENCE DE SON R\u00c9ALISATEUR<\/p><\/blockquote>\n<p>&nbsp;<\/p>\n<p><a href=\"https:\/\/festivalfilmeduc.net\/2019\/03\/13\/le-printemps-du-102-de-nantes-2-mars-au-19-juin-sinscrit-dans-le-echos-du-festival-international-du-film-deducation-et-les-semaines-deducation-contre-les-discriminations\/\">Toute la programmation du printemps du 102<\/a><\/p>\n","protected":false},"excerpt":{"rendered":"<p>A Nantes, les \u00e9chos du festival international du film d\u2019\u00e9ducation, s&#8217;int\u00e8gre au printemps du 102 o\u00f9 une programmation scolaire\u00a0 ( Primaire, coll\u00e8ge et lyc\u00e9e) et la projection de films seront [&hellip;]<\/p>\n","protected":false},"author":6,"featured_media":4214,"template":"","meta":{"_acf_changed":false,"_tribe_events_status":"","_tribe_events_status_reason":"","footnotes":""},"tags":[],"edition_festival":[141],"tribe_events_cat":[907,1157],"class_list":["post-4219","tribe_events","type-tribe_events","status-publish","has-post-thumbnail","hentry","edition_festival-edition-2018","tribe_events_cat-echos-du-festival","tribe_events_cat-pays-de-la-loire","cat_echos-du-festival","cat_pays-de-la-loire"],"acf":[],"_links":{"self":[{"href":"https:\/\/festivalfilmeduc.net\/en\/wp-json\/wp\/v2\/tribe_events\/4219","targetHints":{"allow":["GET"]}}],"collection":[{"href":"https:\/\/festivalfilmeduc.net\/en\/wp-json\/wp\/v2\/tribe_events"}],"about":[{"href":"https:\/\/festivalfilmeduc.net\/en\/wp-json\/wp\/v2\/types\/tribe_events"}],"author":[{"embeddable":true,"href":"https:\/\/festivalfilmeduc.net\/en\/wp-json\/wp\/v2\/users\/6"}],"version-history":[{"count":7,"href":"https:\/\/festivalfilmeduc.net\/en\/wp-json\/wp\/v2\/tribe_events\/4219\/revisions"}],"predecessor-version":[{"id":4226,"href":"https:\/\/festivalfilmeduc.net\/en\/wp-json\/wp\/v2\/tribe_events\/4219\/revisions\/4226"}],"wp:featuredmedia":[{"embeddable":true,"href":"https:\/\/festivalfilmeduc.net\/en\/wp-json\/wp\/v2\/media\/4214"}],"wp:attachment":[{"href":"https:\/\/festivalfilmeduc.net\/en\/wp-json\/wp\/v2\/media?parent=4219"}],"wp:term":[{"taxonomy":"post_tag","embeddable":true,"href":"https:\/\/festivalfilmeduc.net\/en\/wp-json\/wp\/v2\/tags?post=4219"},{"taxonomy":"edition_festival","embeddable":true,"href":"https:\/\/festivalfilmeduc.net\/en\/wp-json\/wp\/v2\/edition_festival?post=4219"},{"taxonomy":"tribe_events_cat","embeddable":true,"href":"https:\/\/festivalfilmeduc.net\/en\/wp-json\/wp\/v2\/tribe_events_cat?post=4219"}],"curies":[{"name":"wp","href":"https:\/\/api.w.org\/{rel}","templated":true}]}}

2 mars au 19 Juin à Nantes : Échos du festival international du film d’éducation et les semaines d’éducation contre les discriminations au printemps du 102

<p>A Nantes, les échos du festival international du film d’éducation, s&#8217;intègre au printemps du 102 où une programmation scolaire  ( Primaire, collège et lycée) et la projection de films seront programmés.</p>
<p>&nbsp;</p>
<p>Voici les temps forts des échos :</p>
<blockquote><p>&#8211; MERCREDI 6 MARS 19H-22H<br />
CINÉ-DÉBAT<br />
« LIKE DOLL l&#8217;LL RISE »<br />
(FEMMES. ESCLAVAGE. RACISME)</p></blockquote>
<p>&nbsp;</p>
<blockquote><p>&#8211; JEUDI 7 MARS<br />
19H-22H CINÉ-DÉBAT<br />
« HUMEUR LIQUIDE »<br />
(BIPOLARITÉ, PARENTALITÉ) EN PRÉSENCE DU RÉALISATEUR</p></blockquote>
<p>&nbsp;</p>
<blockquote><p>&#8211; MERCREDI 13 MARS &#8211; 19H -22H<br />
CINÉ-DÉBAT &lt;</p></blockquote>
<p>&nbsp;</p>
<blockquote><p>&#8211; MERCREDI 10 AVRIL 19H30-22H<br />
CINÉ-DÉBAT<br />
« LA VÉRITÉ »<br />
(SURDITÉ, SUICIDE)</p></blockquote>
<p>&nbsp;</p>
<blockquote><p>&#8211; JEUDI 25 AVRIL &#8211; 19H00 &#8211; 22H00<br />
FILM- DEBAT &#8220;B COMME BAGOU&#8221;<br />
ABECEDAIRE RÉALISÉ PAR DES JEUNES ROMS</p></blockquote>
<p>&nbsp;</p>
<blockquote><p>&#8211; MARDI 30 AVRIL &#8211; 19H- 22H<br />
« OUVRIER, OUVRE LA ! » DOCU FICTION SONORE SUR L&#8217;HISTOIRE OUVRIÈRE DE PAIMBOEUF</p></blockquote>
<p>&nbsp;</p>
<blockquote><p>&#8211; SAMEDI 18 &#8211; 20H &#8211; 23H<br />
CINE-DÉBAT<br />
« NOTHING TO HIDE »</p></blockquote>
<p>&nbsp;</p>
<blockquote><p>&#8211; JEUDI 13 JUIN &#8211; 19H-22H<br />
CINÉ-DÉBAT<br />
« Y.O.L.O » (PASSAGE À L&#8217;ADOLESCENCE)<br />
EN PRÉSENCE DE SON RÉALISATEUR</p></blockquote>
<p>&nbsp;</p>
<p><a href="https://festivalfilmeduc.net/2019/03/13/le-printemps-du-102-de-nantes-2-mars-au-19-juin-sinscrit-dans-le-echos-du-festival-international-du-film-deducation-et-les-semaines-deducation-contre-les-discriminations/">Toute la programmation du printemps du 102</a></p>

<p>A Nantes, les échos du festival international du film d’éducation, s&#8217;intègre au printemps du 102 où une programmation scolaire  ( Primaire, collège et lycée) et la projection de films seront [&hellip;]</p>
