{"id":4278,"date":"2019-03-27T16:34:33","date_gmt":"2019-03-27T15:34:33","guid":{"rendered":"https:\/\/festivalfilmeduc.net\/?post_type=tribe_events&#038;p=4278"},"modified":"2019-06-22T13:39:46","modified_gmt":"2019-06-22T11:39:46","slug":"samedi-30-mars-a-besancon-debat-citoyen-le-droit-a-leducation-pour-tous-avec-la-projection-du-film-les-enfants-de-la-jungle","status":"publish","type":"tribe_events","link":"https:\/\/festivalfilmeduc.net\/en\/evenement\/samedi-30-mars-a-besancon-debat-citoyen-le-droit-a-leducation-pour-tous-avec-la-projection-du-film-les-enfants-de-la-jungle\/","title":{"rendered":"Samedi 30 Mars, \u00e0 Besan\u00e7on, D\u00e9bat citoyen &#8220;Le droit \u00e0 l&#8217;\u00e9ducation pour tous&#8221;  avec la Projection du film &#8220;Les enfants de la jungle&#8221;."},"content":{"rendered":"<p>Suite \u00e0 leur Assembl\u00e9e g\u00e9n\u00e9rale, les CEMEA de Bourgogne-Franche-comt\u00e9 vous invite \u00e0 visionner le documentaire de Thomas Dandois et St\u00e9phane Marchetti.<br \/>\nUn \u00e9change avec la salle sera organis\u00e9 \u00e0 la fin de la s\u00e9ance pour \u00e9changer autour de l&#8217;accompagnement des personnes \u00e9trang\u00e8res en France.<\/p>\n<p>La s\u00e9ance se d\u00e9roulera \u00e0 la Chambre R\u00e9gionale de l&#8217; \u00c9conomie Sociale et Solidaire \u00e0 17h00.<\/p>\n","protected":false},"excerpt":{"rendered":"<p>Suite \u00e0 leur Assembl\u00e9e g\u00e9n\u00e9rale, les CEMEA de Bourgogne-Franche-comt\u00e9 vous invite \u00e0 visionner le documentaire de Thomas Dandois et St\u00e9phane Marchetti. Un \u00e9change avec la salle sera organis\u00e9 \u00e0 la [&hellip;]<\/p>\n","protected":false},"author":6,"featured_media":4275,"template":"","meta":{"_acf_changed":false,"_tribe_events_status":"","_tribe_events_status_reason":"","footnotes":""},"tags":[],"edition_festival":[141],"tribe_events_cat":[1061,907],"class_list":["post-4278","tribe_events","type-tribe_events","status-publish","has-post-thumbnail","hentry","edition_festival-edition-2018","tribe_events_cat-bourgogne-franche-comte","tribe_events_cat-echos-du-festival","cat_bourgogne-franche-comte","cat_echos-du-festival"],"acf":[],"_links":{"self":[{"href":"https:\/\/festivalfilmeduc.net\/en\/wp-json\/wp\/v2\/tribe_events\/4278","targetHints":{"allow":["GET"]}}],"collection":[{"href":"https:\/\/festivalfilmeduc.net\/en\/wp-json\/wp\/v2\/tribe_events"}],"about":[{"href":"https:\/\/festivalfilmeduc.net\/en\/wp-json\/wp\/v2\/types\/tribe_events"}],"author":[{"embeddable":true,"href":"https:\/\/festivalfilmeduc.net\/en\/wp-json\/wp\/v2\/users\/6"}],"version-history":[{"count":1,"href":"https:\/\/festivalfilmeduc.net\/en\/wp-json\/wp\/v2\/tribe_events\/4278\/revisions"}],"predecessor-version":[{"id":4279,"href":"https:\/\/festivalfilmeduc.net\/en\/wp-json\/wp\/v2\/tribe_events\/4278\/revisions\/4279"}],"wp:featuredmedia":[{"embeddable":true,"href":"https:\/\/festivalfilmeduc.net\/en\/wp-json\/wp\/v2\/media\/4275"}],"wp:attachment":[{"href":"https:\/\/festivalfilmeduc.net\/en\/wp-json\/wp\/v2\/media?parent=4278"}],"wp:term":[{"taxonomy":"post_tag","embeddable":true,"href":"https:\/\/festivalfilmeduc.net\/en\/wp-json\/wp\/v2\/tags?post=4278"},{"taxonomy":"edition_festival","embeddable":true,"href":"https:\/\/festivalfilmeduc.net\/en\/wp-json\/wp\/v2\/edition_festival?post=4278"},{"taxonomy":"tribe_events_cat","embeddable":true,"href":"https:\/\/festivalfilmeduc.net\/en\/wp-json\/wp\/v2\/tribe_events_cat?post=4278"}],"curies":[{"name":"wp","href":"https:\/\/api.w.org\/{rel}","templated":true}]}}

Samedi 30 Mars, à Besançon, Débat citoyen &#8220;Le droit à l&#8217;éducation pour tous&#8221;  avec la Projection du film &#8220;Les enfants de la jungle&#8221;.

<p>Suite à leur Assemblée générale, les CEMEA de Bourgogne-Franche-comté vous invite à visionner le documentaire de Thomas Dandois et Stéphane Marchetti.<br />
Un échange avec la salle sera organisé à la fin de la séance pour échanger autour de l&#8217;accompagnement des personnes étrangères en France.</p>
<p>La séance se déroulera à la Chambre Régionale de l&#8217; Économie Sociale et Solidaire à 17h00.</p>

<p>Suite à leur Assemblée générale, les CEMEA de Bourgogne-Franche-comté vous invite à visionner le documentaire de Thomas Dandois et Stéphane Marchetti. Un échange avec la salle sera organisé à la [&hellip;]</p>
