{"id":4819,"date":"2019-05-21T11:14:13","date_gmt":"2019-05-21T09:14:13","guid":{"rendered":"https:\/\/festivalfilmeduc.net\/?post_type=tribe_events&#038;p=4819"},"modified":"2019-06-22T13:39:45","modified_gmt":"2019-06-22T11:39:45","slug":"projection-du-film-les-lucioles-le-05-avril-2019-a-fort-de-france","status":"publish","type":"tribe_events","link":"https:\/\/festivalfilmeduc.net\/en\/evenement\/projection-du-film-les-lucioles-le-05-avril-2019-a-fort-de-france\/","title":{"rendered":"Projection du film les lucioles le 05 avril 2019 \u00e0 Fort-de-France"},"content":{"rendered":"<p>C\u2019est effectivement parti pour les 6\u00e8mes Rencontres autour du Festival International du Film d\u2019Education, un festival organis\u00e9 chaque ann\u00e9e \u00e0 Evreux par les CEMEA, en partenariat avec la Protection Judiciaire de la Jeunesse (PJJ) et le R\u00e9seau Canop\u00e9.<\/p>\n<p>Rencontres mises en place par l\u2019association territoriale des Cemea-Martinique qui proposent des images de ce festival \u00e0 diff\u00e9rents publics.<\/p>\n<p>Comme chaque ann\u00e9e, l\u2019ouverture de cette op\u00e9ration a eu lieu \u00e0 l\u2019ESPE de Martinique le vendredi 5 avril 2019 en pr\u00e9sence de B\u00e9rang\u00e8re JANNELLE, r\u00e9alisatrice du film \u00abLes Lucioles\u00bb, un documentaire s\u00e9lectionn\u00e9 par le comit\u00e9 de pilotage \u00e0 la suite d\u2019une pr\u00e9sentation effectu\u00e9e par les deux militants pr\u00e9sents \u00e0 Evreux en d\u00e9cembre. La rencontre avec Sophie, la \u00abmaitresse\u00bb \u00e0 l\u2019\u00e9cran, a largement contribu\u00e9 \u00e0 emporter leur adh\u00e9sion. Le fait que le film ait remport\u00e9 le Grand Prix du Jury, m\u00e9rit\u00e9 selon nous, n\u2019y est sans doute pas \u00e9tranger non plus.<\/p>\n","protected":false},"excerpt":{"rendered":"<p>C\u2019est effectivement parti pour les 6\u00e8mes Rencontres autour du Festival International du Film d\u2019Education, un festival organis\u00e9 chaque ann\u00e9e \u00e0 Evreux par les CEMEA, en partenariat avec la Protection Judiciaire [&hellip;]<\/p>\n","protected":false},"author":6,"featured_media":4820,"template":"","meta":{"_acf_changed":false,"_tribe_events_status":"","_tribe_events_status_reason":"","footnotes":""},"tags":[],"edition_festival":[141],"tribe_events_cat":[907,1381],"class_list":["post-4819","tribe_events","type-tribe_events","status-publish","has-post-thumbnail","hentry","edition_festival-edition-2018","tribe_events_cat-echos-du-festival","tribe_events_cat-martinique","cat_echos-du-festival","cat_martinique"],"acf":[],"_links":{"self":[{"href":"https:\/\/festivalfilmeduc.net\/en\/wp-json\/wp\/v2\/tribe_events\/4819","targetHints":{"allow":["GET"]}}],"collection":[{"href":"https:\/\/festivalfilmeduc.net\/en\/wp-json\/wp\/v2\/tribe_events"}],"about":[{"href":"https:\/\/festivalfilmeduc.net\/en\/wp-json\/wp\/v2\/types\/tribe_events"}],"author":[{"embeddable":true,"href":"https:\/\/festivalfilmeduc.net\/en\/wp-json\/wp\/v2\/users\/6"}],"version-history":[{"count":2,"href":"https:\/\/festivalfilmeduc.net\/en\/wp-json\/wp\/v2\/tribe_events\/4819\/revisions"}],"predecessor-version":[{"id":4824,"href":"https:\/\/festivalfilmeduc.net\/en\/wp-json\/wp\/v2\/tribe_events\/4819\/revisions\/4824"}],"wp:featuredmedia":[{"embeddable":true,"href":"https:\/\/festivalfilmeduc.net\/en\/wp-json\/wp\/v2\/media\/4820"}],"wp:attachment":[{"href":"https:\/\/festivalfilmeduc.net\/en\/wp-json\/wp\/v2\/media?parent=4819"}],"wp:term":[{"taxonomy":"post_tag","embeddable":true,"href":"https:\/\/festivalfilmeduc.net\/en\/wp-json\/wp\/v2\/tags?post=4819"},{"taxonomy":"edition_festival","embeddable":true,"href":"https:\/\/festivalfilmeduc.net\/en\/wp-json\/wp\/v2\/edition_festival?post=4819"},{"taxonomy":"tribe_events_cat","embeddable":true,"href":"https:\/\/festivalfilmeduc.net\/en\/wp-json\/wp\/v2\/tribe_events_cat?post=4819"}],"curies":[{"name":"wp","href":"https:\/\/api.w.org\/{rel}","templated":true}]}}

Projection du film les lucioles le 05 avril 2019 à Fort-de-France

<p>C’est effectivement parti pour les 6èmes Rencontres autour du Festival International du Film d’Education, un festival organisé chaque année à Evreux par les CEMEA, en partenariat avec la Protection Judiciaire de la Jeunesse (PJJ) et le Réseau Canopé.</p>
<p>Rencontres mises en place par l’association territoriale des Cemea-Martinique qui proposent des images de ce festival à différents publics.</p>
<p>Comme chaque année, l’ouverture de cette opération a eu lieu à l’ESPE de Martinique le vendredi 5 avril 2019 en présence de Bérangère JANNELLE, réalisatrice du film «Les Lucioles», un documentaire sélectionné par le comité de pilotage à la suite d’une présentation effectuée par les deux militants présents à Evreux en décembre. La rencontre avec Sophie, la «maitresse» à l’écran, a largement contribué à emporter leur adhésion. Le fait que le film ait remporté le Grand Prix du Jury, mérité selon nous, n’y est sans doute pas étranger non plus.</p>

<p>C’est effectivement parti pour les 6èmes Rencontres autour du Festival International du Film d’Education, un festival organisé chaque année à Evreux par les CEMEA, en partenariat avec la Protection Judiciaire [&hellip;]</p>
