{"id":6949,"date":"2020-02-12T15:27:10","date_gmt":"2020-02-12T14:27:10","guid":{"rendered":"https:\/\/festivalfilmeduc.net\/?post_type=tribe_events&#038;p=6949"},"modified":"2020-02-12T15:27:10","modified_gmt":"2020-02-12T14:27:10","slug":"le-festival-du-film-deducation-a-bruxelles","status":"publish","type":"tribe_events","link":"https:\/\/festivalfilmeduc.net\/en\/evenement\/le-festival-du-film-deducation-a-bruxelles\/","title":{"rendered":"Le Festival du Film d&#8217;\u00c9ducation \u00e0 Bruxelles"},"content":{"rendered":"<p>La 4e \u00e9dition du Festival du Film d\u2019\u00c9ducation aura lieu du 10 au 14\u00a0mars au Petit Th\u00e9\u00e2tre Mercelis \u00e0 Bruxelles. Un \u00e9v\u00e8nement en partenariat avec la RTBF.<\/p>\n<p><span class=\"editor_button_download editor_button_link\">\u00a0<a href=\"http:\/\/www.cemea.be\/Un-Festival-du-Film-d-Education\">Programmation\u00a0<\/a><\/span><\/p>\n<p>&nbsp;<\/p>\n","protected":false},"excerpt":{"rendered":"<p>La 4e \u00e9dition du Festival du Film d\u2019\u00c9ducation aura lieu du 10 au 14\u00a0mars au Petit Th\u00e9\u00e2tre Mercelis \u00e0 Bruxelles. Un \u00e9v\u00e8nement en partenariat avec la RTBF. \u00a0Programmation\u00a0 &nbsp;<\/p>\n","protected":false},"author":12,"featured_media":6945,"template":"","meta":{"_acf_changed":false,"_tribe_events_status":"","_tribe_events_status_reason":"","footnotes":""},"tags":[],"edition_festival":[1681],"tribe_events_cat":[1152,907],"class_list":["post-6949","tribe_events","type-tribe_events","status-publish","has-post-thumbnail","hentry","edition_festival-edition-2020","tribe_events_cat-belgique","tribe_events_cat-echos-du-festival","cat_belgique","cat_echos-du-festival"],"acf":[],"_links":{"self":[{"href":"https:\/\/festivalfilmeduc.net\/en\/wp-json\/wp\/v2\/tribe_events\/6949","targetHints":{"allow":["GET"]}}],"collection":[{"href":"https:\/\/festivalfilmeduc.net\/en\/wp-json\/wp\/v2\/tribe_events"}],"about":[{"href":"https:\/\/festivalfilmeduc.net\/en\/wp-json\/wp\/v2\/types\/tribe_events"}],"author":[{"embeddable":true,"href":"https:\/\/festivalfilmeduc.net\/en\/wp-json\/wp\/v2\/users\/12"}],"version-history":[{"count":1,"href":"https:\/\/festivalfilmeduc.net\/en\/wp-json\/wp\/v2\/tribe_events\/6949\/revisions"}],"predecessor-version":[{"id":6950,"href":"https:\/\/festivalfilmeduc.net\/en\/wp-json\/wp\/v2\/tribe_events\/6949\/revisions\/6950"}],"wp:featuredmedia":[{"embeddable":true,"href":"https:\/\/festivalfilmeduc.net\/en\/wp-json\/wp\/v2\/media\/6945"}],"wp:attachment":[{"href":"https:\/\/festivalfilmeduc.net\/en\/wp-json\/wp\/v2\/media?parent=6949"}],"wp:term":[{"taxonomy":"post_tag","embeddable":true,"href":"https:\/\/festivalfilmeduc.net\/en\/wp-json\/wp\/v2\/tags?post=6949"},{"taxonomy":"edition_festival","embeddable":true,"href":"https:\/\/festivalfilmeduc.net\/en\/wp-json\/wp\/v2\/edition_festival?post=6949"},{"taxonomy":"tribe_events_cat","embeddable":true,"href":"https:\/\/festivalfilmeduc.net\/en\/wp-json\/wp\/v2\/tribe_events_cat?post=6949"}],"curies":[{"name":"wp","href":"https:\/\/api.w.org\/{rel}","templated":true}]}}

Le Festival du Film d&#8217;Éducation à Bruxelles

<p>La 4e édition du Festival du Film d’Éducation aura lieu du 10 au 14 mars au Petit Théâtre Mercelis à Bruxelles. Un évènement en partenariat avec la RTBF.</p>
<p><span class="editor_button_download editor_button_link"> <a href="http://www.cemea.be/Un-Festival-du-Film-d-Education">Programmation </a></span></p>
<p>&nbsp;</p>

<p>La 4e édition du Festival du Film d’Éducation aura lieu du 10 au 14 mars au Petit Théâtre Mercelis à Bruxelles. Un évènement en partenariat avec la RTBF.  Programmation  &nbsp;</p>
